/249). Let n = v - y. Is n a composite number?
False
Suppose 0 = 3*p + 4*t - 8683, -5*p = 3*t - 4088 - 10391. Is p prime?
True
Let d(a) = -27*a**3 - 3*a**2 + 13*a + 10. Is d(-7) composite?
True
Let g(b) = -b**3 - 5*b**2 + 22*b - 29. Is g(-10) composite?
False
Let f(a) = 5*a - 32. Let b be f(7). Is 2007/(-6)*(-2)/b a composite number?
False
Let k = -38 + 41. Suppose k*l + 271 = 1048. Is l a composite number?
True
Let g(r) = -r**3 + 6*r**2 + 16*r + 5. Let z be g(-10). Suppose -w = m - 578, 0 = 5*m - 5*w - 1475 - z. Is m prime?
False
Suppose 62*y = 3997510 + 4186552. Is y a prime number?
True
Let u = 19373 + 2066. Is u a composite number?
True
Suppose 3*t = 7*t + 32. Let k(s) = -s**2 - 9*s - 5. Let v be k(t). Suppose -w - 2*w = -2*b + 185, v*b - 3*w = 282. Is b composite?
False
Let b(l) be the first derivative of 31*l**3 + l + 8. Is b(1) composite?
True
Let m = -12266 + 19099. Is m a prime number?
True
Suppose -m = 2 + 12. Let y = m - -27. Let i(k) = 3*k. Is i(y) a composite number?
True
Let a(c) = -2*c + 16. Let i be a(8). Suppose 10*j - 5980 + 2250 = i. Is j a prime number?
True
Suppose 0 = -4*p - 3*n - 13, 5*p - 2 = 2*n - 1. Is 127*(p - -2)/(0 + 1) a composite number?
False
Let x = 5561 - 3749. Let f = -335 + x. Is f prime?
False
Let b(y) = -y**3 + 7*y**2 + 5*y - 7. Let f be b(-5). Suppose 0*z - f = -2*z. Is z prime?
False
Let v(t) = -4703*t**3 - t**2 - 3*t - 2. Is v(-1) composite?
False
Let g(x) = 2*x**3 + x**2 + x + 633. Is g(0) a composite number?
True
Suppose 5*x = 19653 + 6082. Is x a composite number?
False
Suppose -5*a + 7 = -8. Let r = -221 + 455. Suppose 2*p = -4, -2*p + r = 5*j - a*j. Is j a prime number?
False
Let s = -10 - -13. Suppose 2*d + 1777 = s*d. Is d composite?
False
Let n(g) = -g**3 + 6*g**2 + 5*g + 16. Let z be n(7). Suppose -d + 1735 = 5*u - z*d, 0 = u + 2*d - 336. Is u prime?
False
Let m(p) = -25*p**3 + 9*p**2 + 7*p - 7. Let x(h) = 13*h**3 - 4*h**2 - 3*h + 3. Let g(y) = 2*m(y) + 5*x(y). Is g(2) prime?
False
Let y be ((-2)/(-6))/(-5*(-1)/60). Suppose 3*r + 645 = 2046. Suppose y*m + 5*c - r = 0, 4*m + 3*c = 2*c + 455. Is m prime?
True
Suppose -3*f + 5*y = f + 120, 5*f + 4*y + 109 = 0. Let b = f + 19. Let a(p) = p**2 - 4*p - 2. Is a(b) a composite number?
True
Let l = -76 - -80. Suppose -14869 = -5*w - l*u, -3*w + 2*w = -3*u - 2970. Is w prime?
False
Let p = 6 - 12. Let c(q) = 8*q**2 - 10*q + 7. Let u(n) = n**2 - n. Let b(y) = p*u(y) + c(y). Is b(-5) composite?
True
Let k = 75 + -90. Is 8/12 - 17255/k composite?
False
Suppose -h = 3*n - 9416, 3*h + 2628 = 2*n - 3631. Is n composite?
False
Let j be 21/(-9)*(2 + -5). Suppose 12*p = j*p + 30. Is p a prime number?
False
Suppose -10826 = -b + 5*t, 168*t = -5*b + 173*t + 54150. Is b composite?
False
Is 16321 + -1 - (-17 + 12 + 6) a composite number?
False
Let u = 28 - 28. Suppose -2*v + 6 = -u. Is 134 + v - 2*-2 a prime number?
False
Let w = -761 + 1545. Let d be -2 - (-5 - -2 - 0) - 498. Let l = w + d. Is l a prime number?
False
Suppose 7*a - 21729 = 2*a - 4*m, -8710 = -2*a + 3*m. Is a a composite number?
False
Suppose c + 116 = -c. Let d = c - -312. Is d a prime number?
False
Let k(y) = y - 2. Let w be k(5). Suppose 4*z = -g + 135, -w*z - 4 = -5*z. Is g prime?
True
Let x(f) = f**2 + 9*f + 21. Let d be x(12). Suppose -2*y - 362 = -2. Let j = y + d. Is j composite?
True
Let y(w) = 145*w**3 + 16*w**2 - 76*w - 2. Is y(5) a prime number?
True
Suppose 0 = -g - 5*s + 14, 0 = -g + 4*g - 3*s - 24. Let h(t) = t**3 + 3*t**2 - 2*t + 5. Is h(g) a composite number?
True
Let f = 114071 - 64062. Is f a composite number?
True
Suppose 2000*c = 1998*c + 18254. Is c composite?
False
Suppose -24 - 36 = -6*y. Suppose -y*a = -7*a - 1137. Is a composite?
False
Suppose 5*h - 10 = 0, -5*o = -0*h - 2*h + 69. Is 88 - 0 - (4 + (o - -8)) a prime number?
True
Let d = -135 + 17344. Is d a composite number?
False
Let j(k) = -18*k**3 + 4*k**2 - 4*k + 2. Let p(f) = 18*f**3 - 3*f**2 + 3*f - 1. Suppose 0 = 7*z - 5*z + 4. Let s(i) = z*j(i) - 3*p(i). Is s(-1) prime?
True
Let n = -172 - -115. Let k = 79 + n. Is k a prime number?
False
Let x(z) = -z**3 - 2*z**2 + 2*z - 3. Let v be x(-3). Suppose v = 5*b - 1160 + 275. Is b a prime number?
False
Let f be -6 - (0 - 4) - 77*-7. Let o = -239 + f. Is o composite?
True
Suppose -2*w - 23699 = -5*m, -4*m + 14232 = -m + 3*w. Is m a composite number?
True
Let z(k) = 5*k**2 + 4*k + 32599. Is z(0) a composite number?
True
Let m = 67 + -67. Is (5664/9 - 3)*(m - -3) prime?
True
Suppose 131*w - 5*u = 126*w + 16775, -5*w + 16763 = u. Is w prime?
False
Let r be (-2 + 0)*11/2. Let s(m) = -m**2 - 10*m + 14. Let u be s(r). Suppose u*k - 377 = -2*z + 626, -3*k + 5*z = -1031. Is k prime?
True
Let h be 1 - 5/(0 + -5). Suppose -f = -3*s - 2923, h*f + 2268 = -2*s + 322. Is (-12)/8*s/3 composite?
False
Suppose 5*b = -42 - 3. Is ((-6)/b)/(4/1506) prime?
True
Let g(m) = -2981*m - 78. Is g(-7) composite?
False
Let n = 5212 - 2769. Is n a composite number?
True
Let h = 16 + -5. Let q(r) = 11*r - 8. Let o be q(h). Is o*2/(0 - -2) prime?
True
Let o(v) = -4*v + 2*v**3 - 3*v**2 + 0 + 13*v**2 - 3*v**2 + 2. Is o(5) a composite number?
True
Let q = -32028 + 52535. Is q a prime number?
True
Suppose 4*h + 20 = 9*h. Suppose 15 = -5*q - 5*z, -2*q + h*z - z = 26. Let g = 76 - q. Is g a prime number?
True
Let u be -26*2/2 + 1. Suppose 8*b - 1080 = 5*b. Let y = u + b. Is y composite?
True
Let b be 6/33 + 39/(-33). Let d be (-5)/5 - 4/b. Suppose -d*j + 2*w + 1358 = w, j = -3*w + 456. Is j prime?
False
Is 22/33 + (-74860)/(-12) composite?
True
Is 105/140 - 289762/(-8) prime?
False
Let j(l) = 24*l + 83. Is j(10) prime?
False
Let j be -1 - -35 - (0 - 0). Suppose -w - 2*w = u - 94, 3*u - j = -w. Let k = 66 - w. Is k prime?
False
Let p = -15232 + 24525. Is p a composite number?
False
Let o = -1168 - -2759. Let y = o + -870. Is y a prime number?
False
Let w be (-4)/(142/146 - 1). Let a = w - 77. Is (8/12 + 0)*a a composite number?
True
Let f(p) be the second derivative of p**4/4 - p**3/2 + 49*p**2/2 - 2*p + 16. Is f(11) prime?
True
Suppose -k + 6*k = -2*q - 4, k = 2*q - 8. Suppose -2809 = -h + 2*w, -3*h + 8427 = -q*w - 2*w. Is h composite?
True
Let b = 265 + -388. Let l = b - -200. Is l a composite number?
True
Suppose 2*c - 85222 = -2664. Is c prime?
False
Suppose 8 = 3*l - 7. Suppose 0*h = l*h + 25. Let y = 11 + h. Is y composite?
True
Suppose -5*u + 25377 = 2*z, -3*u - z + 7461 = -7766. Is u prime?
True
Suppose 3*n = -3*i + 18951, -4*n + n - 4*i + 18955 = 0. Is n prime?
False
Suppose 2*q + 22 = 6*q - 2*k, 2*k = -q - 2. Let y = q - -4. Let p(r) = -r**3 + 7*r**2 + 12*r - 6. Is p(y) a prime number?
False
Let z = 84329 + -43168. Is z a prime number?
True
Let l(k) = -156*k - 3. Let d be l(-9). Suppose 13*c = 10*c + d. Is c composite?
False
Let c be (-2)/2 - -55*4. Let j = -78 + c. Let v = j - -110. Is v a prime number?
True
Let g be (-53)/3*603/(-3). Suppose -d - 5*a + g = d, -3*a = 9. Is d composite?
False
Suppose -5*c = -3*p - 1552, -p - c = 2*p + 1576. Let q = p - -943. Is q composite?
False
Suppose -2*l = -4*t + 26, -4*t = -5*l - 89 - 0. Let x be l/(-4) + (-11)/44. Is 3/15 - (-1089)/x a composite number?
True
Suppose -l = -2*a + 112, 3*l = a - 6*a + 258. Let g = 89 - a. Suppose -3*d = -c - 430, -c + 393 = 3*d - g. Is d a prime number?
False
Suppose 8*h = 3*h - 3*v, -3*h + v = 14. Is (14/(-5) - h) + 3972/15 a prime number?
False
Suppose 22*u + 41550 = 165608. Is u a composite number?
False
Let f = -1569 + 3029. Suppose 260 = -3*d + f. Suppose -62 + 388 = 4*p + 2*r, 5*p + r - d = 0. Is p a prime number?
True
Let v = -66 + 191. Suppose -4*i + 431 + v = -4*m, -2*m = 2*i - 278. Is i prime?
True
Let y(c) = -c**3 + 15*c**2 - 12*c - 26. Let w be y(14). Suppose -w*j - 13044 = -4*n, 4*n + 3935 = -2*j + 16995. Is n a prime number?
False
Let l(y) = -109*y. Let z be l(-1). Suppose 3*t + 4*a - z = 0, 3*t + 2*a - 113 = -3*a. Is t composite?
False
Let n(z) = 78*z + 17. Is n(10) a composite number?
False
Let i be (-18 - 2)*852/(-30). Let u = i + 73. Is u a prime number?
True
Suppose -9 = 4*j - 1. Let f(t) = -179*t**3 + 4*t**2 + 6*t + 3. Is f(j) a composite number?
False
Let b be -1138*((-7)/2)/(12/24). Suppose -30*i + 28*i + b = 0. Is i a composite number?
True
Suppose 4*b - 9*b - 35 = 0. Let j = b + 40. Is j a prime number?
Fa